{"id":11,"date":"2013-06-11T19:09:27","date_gmt":"2013-06-11T19:09:27","guid":{"rendered":"http:\/\/ironband.dev\/?page_id=11"},"modified":"2019-05-20T03:03:39","modified_gmt":"2019-05-20T03:03:39","slug":"biography","status":"publish","type":"page","link":"https:\/\/candeio.com.br\/?page_id=11","title":{"rendered":"Biografia"},"content":{"rendered":"<h2>Nossa hist\u00f3ria<\/h2>\n<p style=\"text-align: justify;\">Numa quinta-feira de outubro de 2004, Leandro Costa, um sambista rec\u00e9m-convertido, entrava na igreja da Gra\u00e7a Plena levado pelo seu tio, Mariano Demenciano, para assistir um culto de estudo b\u00edblico ministrado pelo Pr. Luiz Eduardo. Desde ent\u00e3o, passou a frequent\u00e1-la, tornando-se seu membro e batizando-se nas \u00e1guas no ano seguinte (2005). Neste interim, Leandro apresentava seus sambas que falavam de Jesus aos membros e pastores da igreja. Logo passou a ser convidado por pastores e l\u00edderes da igreja da Gra\u00e7a Plena para apresent\u00e1-los em eventos evangel\u00edsticos, cantando-os acompanhado de seu cavaquinho.<\/p>\n<p style=\"text-align: justify;\">Em 2006, com o interesse de um dos membros, Tiago Abreu, em aprender um instrumento de percuss\u00e3o para acompanhar Leandro nas apresenta\u00e7\u00f5es, Deus passou a falar ao cora\u00e7\u00e3o de Leandro para come\u00e7ar a plantar o que futuramente seria colhido\u00a0como o grupo Candeio. Assim, ensinando tantam e a palavra de Deus a Tiago, Leandro, com a ajuda do Esp\u00edrito Santo, come\u00e7ou a exercer o que hoje \u00e9 uma das premissas do grupo Candeio: edificar os de dentro para edificar os de fora, isto \u00e9, os integrantes do grupo devem ser bem capacitados tanto musicalmente quanto espiritualmente para que, ao se apresentarem, tenham com o que contribuir para o desenvolvimento cultural e espiritual do seu p\u00fablico.<\/p>\n<h5 style=\"text-align: justify;\"><img loading=\"lazy\" class=\" size-medium wp-image-320 alignleft\" src=\"http:\/\/candeio.com.br\/wp-content\/uploads\/2013\/06\/IMG_20150316_014735-300x300.jpg\" alt=\"IMG_20150316_014735\" width=\"300\" height=\"300\" srcset=\"https:\/\/candeio.com.br\/wp-content\/uploads\/2013\/06\/IMG_20150316_014735-300x300.jpg 300w, https:\/\/candeio.com.br\/wp-content\/uploads\/2013\/06\/IMG_20150316_014735-150x150.jpg 150w, https:\/\/candeio.com.br\/wp-content\/uploads\/2013\/06\/IMG_20150316_014735-1024x1024.jpg 1024w, https:\/\/candeio.com.br\/wp-content\/uploads\/2013\/06\/IMG_20150316_014735.jpg 1224w\" sizes=\"(max-width: 300px) 100vw, 300px\" \/>Da esquerda para a direita: Lucas Lima (vocal e<br \/>\ncordas ou tamborim),\u00a0Leandro Costa (vocal e<br \/>\ncavaquinho ou pandeiro)\u00a0e Jorge Ricardo\u00a0(vocal e<br \/>\ntantam) &#8211; foto de Larissa Silva<\/h5>\n<p style=\"text-align: justify;\">Em seguida, chegou \u00e0 Gra\u00e7a Plena Serafim, outro sambista, que tocava pandeiro. Ap\u00f3s se tornar membro da igreja e do minist\u00e9rio de louvor, uniu-se a Leandro e Tiago, configurando-se assim a primeira forma\u00e7\u00e3o do grupo, que nascia em meados de 2007 com o nome &#8220;Prop\u00f3sito Maior&#8221;. Depois de algum tempo, escolheu-se 07\/07\/07 para representar oficialmente o dia do nascimento (para fins de comemora\u00e7\u00f5es), pois fica ali em meados de 2007 e \u00e9 uma data bonita, mas o dia real do nascimento do grupo, s\u00f3 Deus mesmo \u00e9 quem sabe com certeza. De l\u00e1 para c\u00e1, o grupo enfrentou muitas barreiras, mas, com o poder de Deus e o apoio dos pastores da Gra\u00e7a Plena, jamais deixou de existir.<\/p>\n<p style=\"text-align: justify;\">Muitos m\u00fasicos passaram ou ainda est\u00e3o no Candeio. A\u00ed vai a lista completa: Leandro Costa, Tiago Abreu, Serafim, Pedro Vitor, Thiago Leite, Paulo Paredes, Kelly Cristina, Jorge Ricardo e Lucas Lima, J\u00e9ssica Silva, Paula Miranda e Ramon Ribas, sendo os cinco \u00faltimos e Leandro a forma\u00e7\u00e3o atual.<\/p>\n<p style=\"text-align: justify;\">Por motivo de n\u00e3o se ter conseguido registrar a marca &#8220;Prop\u00f3sito Maior&#8221; &#8211; j\u00e1 havia uma marca na mesma classe com um nome parecido -, em 2010, o grupo passou a se chamar &#8220;Candeio&#8221;, que significa luz usada para pescas noturnas.<\/p>\n","protected":false},"excerpt":{"rendered":"<p>Nossa hist\u00f3ria Numa quinta-feira de outubro de 2004, Leandro Costa, um sambista rec\u00e9m-convertido, entrava na igreja da Gra\u00e7a Plena levado pelo seu tio, Mariano Demenciano, para assistir um culto de estudo b\u00edblico ministrado pelo Pr. Luiz Eduardo. Desde ent\u00e3o, passou a frequent\u00e1-la, tornando-se seu membro e batizando-se nas \u00e1guas no ano seguinte (2005). Neste interim, [&hellip;]<\/p>\n","protected":false},"author":2,"featured_media":0,"parent":0,"menu_order":9,"comment_status":"open","ping_status":"closed","template":"","meta":[],"_links":{"self":[{"href":"https:\/\/candeio.com.br\/index.php?rest_route=\/wp\/v2\/pages\/11"}],"collection":[{"href":"https:\/\/candeio.com.br\/index.php?rest_route=\/wp\/v2\/pages"}],"about":[{"href":"https:\/\/candeio.com.br\/index.php?rest_route=\/wp\/v2\/types\/page"}],"author":[{"embeddable":true,"href":"https:\/\/candeio.com.br\/index.php?rest_route=\/wp\/v2\/users\/2"}],"replies":[{"embeddable":true,"href":"https:\/\/candeio.com.br\/index.php?rest_route=%2Fwp%2Fv2%2Fcomments&post=11"}],"version-history":[{"count":32,"href":"https:\/\/candeio.com.br\/index.php?rest_route=\/wp\/v2\/pages\/11\/revisions"}],"predecessor-version":[{"id":388,"href":"https:\/\/candeio.com.br\/index.php?rest_route=\/wp\/v2\/pages\/11\/revisions\/388"}],"wp:attachment":[{"href":"https:\/\/candeio.com.br\/index.php?rest_route=%2Fwp%2Fv2%2Fmedia&parent=11"}],"curies":[{"name":"wp","href":"https:\/\/api.w.org\/{rel}","templated":true}]}}

<h2>Nossa história</h2>
<p style="text-align: justify;">Numa quinta-feira de outubro de 2004, Leandro Costa, um sambista recém-convertido, entrava na igreja da Graça Plena levado pelo seu tio, Mariano Demenciano, para assistir um culto de estudo bíblico ministrado pelo Pr. Luiz Eduardo. Desde então, passou a frequentá-la, tornando-se seu membro e batizando-se nas águas no ano seguinte (2005). Neste interim, Leandro apresentava seus sambas que falavam de Jesus aos membros e pastores da igreja. Logo passou a ser convidado por pastores e líderes da igreja da Graça Plena para apresentá-los em eventos evangelísticos, cantando-os acompanhado de seu cavaquinho.</p>
<p style="text-align: justify;">Em 2006, com o interesse de um dos membros, Tiago Abreu, em aprender um instrumento de percussão para acompanhar Leandro nas apresentações, Deus passou a falar ao coração de Leandro para começar a plantar o que futuramente seria colhido como o grupo Candeio. Assim, ensinando tantam e a palavra de Deus a Tiago, Leandro, com a ajuda do Espírito Santo, começou a exercer o que hoje é uma das premissas do grupo Candeio: edificar os de dentro para edificar os de fora, isto é, os integrantes do grupo devem ser bem capacitados tanto musicalmente quanto espiritualmente para que, ao se apresentarem, tenham com o que contribuir para o desenvolvimento cultural e espiritual do seu público.</p>
<h5 style="text-align: justify;"><img loading="lazy" class=" size-medium wp-image-320 alignleft" src="http://candeio.com.br/wp-content/uploads/2013/06/IMG_20150316_014735-300x300.jpg" alt="IMG_20150316_014735" width="300" height="300" srcset="https://candeio.com.br/wp-content/uploads/2013/06/IMG_20150316_014735-300x300.jpg 300w, https://candeio.com.br/wp-content/uploads/2013/06/IMG_20150316_014735-150x150.jpg 150w, https://candeio.com.br/wp-content/uploads/2013/06/IMG_20150316_014735-1024x1024.jpg 1024w, https://candeio.com.br/wp-content/uploads/2013/06/IMG_20150316_014735.jpg 1224w" sizes="(max-width: 300px) 100vw, 300px" />Da esquerda para a direita: Lucas Lima (vocal e<br />
cordas ou tamborim), Leandro Costa (vocal e<br />
cavaquinho ou pandeiro) e Jorge Ricardo (vocal e<br />
tantam) &#8211; foto de Larissa Silva</h5>
<p style="text-align: justify;">Em seguida, chegou à Graça Plena Serafim, outro sambista, que tocava pandeiro. Após se tornar membro da igreja e do ministério de louvor, uniu-se a Leandro e Tiago, configurando-se assim a primeira formação do grupo, que nascia em meados de 2007 com o nome &#8220;Propósito Maior&#8221;. Depois de algum tempo, escolheu-se 07/07/07 para representar oficialmente o dia do nascimento (para fins de comemorações), pois fica ali em meados de 2007 e é uma data bonita, mas o dia real do nascimento do grupo, só Deus mesmo é quem sabe com certeza. De lá para cá, o grupo enfrentou muitas barreiras, mas, com o poder de Deus e o apoio dos pastores da Graça Plena, jamais deixou de existir.</p>
<p style="text-align: justify;">Muitos músicos passaram ou ainda estão no Candeio. Aí vai a lista completa: Leandro Costa, Tiago Abreu, Serafim, Pedro Vitor, Thiago Leite, Paulo Paredes, Kelly Cristina, Jorge Ricardo e Lucas Lima, Jéssica Silva, Paula Miranda e Ramon Ribas, sendo os cinco últimos e Leandro a formação atual.</p>
<p style="text-align: justify;">Por motivo de não se ter conseguido registrar a marca &#8220;Propósito Maior&#8221; &#8211; já havia uma marca na mesma classe com um nome parecido -, em 2010, o grupo passou a se chamar &#8220;Candeio&#8221;, que significa luz usada para pescas noturnas.</p>

<p>Nossa história Numa quinta-feira de outubro de 2004, Leandro Costa, um sambista recém-convertido, entrava na igreja da Graça Plena levado pelo seu tio, Mariano Demenciano, para assistir um culto de estudo bíblico ministrado pelo Pr. Luiz Eduardo. Desde então, passou a frequentá-la, tornando-se seu membro e batizando-se nas águas no ano seguinte (2005). Neste interim, [&hellip;]</p>
